hen k is divided by 36/2 + (-12)/n?
13
Calculate the remainder when (2 + 0)*(-21)/(-6) is divided by 6.
1
Let y(s) = -s**2 + 8*s + 13. Suppose -h = 5*o - 117, 4*h + 17 - 5 = 0. Calculate the remainder when o is divided by y(8).
11
Suppose 15 + 51 = 2*f. Calculate the remainder when 96 is divided by f.
30
Let z(n) = n**2 - 7*n. Let r be (-3)/((-1)/16*-6). Let i = r - -11. What is the remainder when z(8) is divided by i?
2
Let z(w) = -w**3 + w**2 + 6*w - 1. Let n(b) = -b**2 + b + 1. Let y(d) = 2*n(d) - z(d). Calculate the remainder when y(4) is divided by 3.
0
Calculate the remainder when 1/(-7) - 6*(-543)/21 is divided by 39.
38
Let i = -21 - -31. Calculate the remainder when 29 is divided by i.
9
Let q be -2 + -3 + 9 + 0. Suppose 0 = q*b - r - 35, b + 4*b + 5*r = 75. What is the remainder when 28 is divided by b?
8
Let s(v) = -4 + v + 0*v + 0*v + 0 + v**2. Let i = -9 + 5. What is the remainder when 15 is divided by s(i)?
7
Suppose 123 - 11 = 4*k. Suppose 3*z - 59 - k = 0. Calculate the remainder when z is divided by 16.
13
Let c = 24 + -12. What is the remainder when 35 is divided by c?
11
Suppose 0 = 5*v - 8*y + 3*y - 55, -4*v + 3*y + 43 = 0. What is the remainder when (2 + -19)*(0 + -1) is divided by v?
7
Suppose -4*q + 254 = 5*w - 18, -4*q + 272 = -2*w. Suppose 2*o = -5*i + 96, 4*o = 3*i - 0*i - q. What is the remainder when i is divided by 114/10 + (-22)/55?
9
Let h(f) = -f + 11. Let q be h(9). Calculate the remainder when (-3)/q*(-56)/6 is divided by 4.
2
Suppose -r = -0*r - 6. What is the remainder when r is divided by 5?
1
Suppose 0 = y - 0*y - 2. Suppose h = b + y*h - 15, -2*b + 2*h = -18. Suppose c + n = b, -c + n + 2*n + 8 = 0. What is the remainder when 32 is divided by c?
10
Let s be ((-45)/(-25))/((-3)/(-10)). Let c be (1/3)/(s/36). Suppose 0 = 5*g + 4*m + m - 190, 84 = c*g - 2*m. Calculate the remainder when g is divided by 14.
12
Suppose -2*r = 3*r - 10. Let x be (r + 1)*(-40)/(-12). Calculate the remainder when 14 is divided by 48/x - (-2)/10.
4
Let o(j) = 11*j**3 + j**2 - 2*j + 1. Suppose 0 = -4*h - x + 5 + 2, -1 = 2*h + 5*x. Let w = h + 2. Calculate the remainder when o(1) is divided by w.
3
Let b(p) = 193*p + 7. What is the remainder when b(1) is divided by 29?
26
Suppose -3*x + x + 28 = 0. Suppose 0 = 5*f - 144 + 19. What is the remainder when f is divided by x?
11
Suppose -32 = -2*g + 3*f + 15, 2*f - 165 = -5*g. Calculate the remainder when g is divided by 17.
14
Let u(h) = 27*h + 1. Let b be u(3). Suppose 22 = -3*k + b. Calculate the remainder when k is divided by (-122)/(-18) - 4/(-18).
6
Suppose -d = -4*f + 219 - 20, 0 = 5*f - 5*d - 230. Calculate the remainder when f is divided by 13.
12
What is the remainder when (-3)/(-9) + (-656)/(-12) is divided by 19?
17
Suppose -1112 = 4*d - 5*x + 801, 0 = -4*d - 4*x - 1868. Calculate the remainder when 37 is divided by (-1)/(-3) + d/(-24).
17
Let z(d) = -2*d + 35. Calculate the remainder when 95 is divided by z(5).
20
Suppose 4*b = 7*b - 213. What is the remainder when b is divided by 24?
23
Let c(d) = -d**3 + d**2 + d - 1. What is the remainder when 92 is divided by c(-3)?
28
Suppose -v + f = -f + 4, 0 = 2*f - 6. Let q(i) = 2*i**3 - 3*i + 2. Calculate the remainder when 34 is divided by q(v).
10
Let w(l) be the first derivative of -l + 3/2*l**2 + 3. Calculate the remainder when 13 is divided by w(3).
5
Suppose t = -2*r + 32 - 0, 5*r = -2*t + 80. Let g(u) = 2*u - 2. Calculate the remainder when r is divided by g(4).
4
Suppose -5*v - 3*o + 35 = 0, 0*v - 4*v - 2*o + 28 = 0. Calculate the remainder when 41 is divided by v.
6
Let v(o) = 2*o + 107. Let d be v(0). Let g = d - 40. Calculate the remainder when g is divided by 17.
16
Calculate the remainder when (11 + -9)/((-4)/(-138)) is divided by 18.
15
Let o be (3/(-2))/(9/12). Calculate the remainder when (-65)/(-2) - (-1)/o is divided by 11.
10
Let t = -54 + 58. Let s(k) = 7 + 2*k**2 - 3*k**2 - 5*k - 2. What is the remainder when s(-4) is divided by t?
1
Let u(p) = -p**3 - 2*p**2 + 2*p + 4. Let l be u(3). Let w = -24 - l. Let x = -9 + 30. Calculate the remainder when x is divided by w.
10
Let h(g) = 67*g - 7. What is the remainder when h(2) is divided by 26?
23
Suppose -h + 36 = -3*h. Let w = h - -31. What is the remainder when 24 is divided by w?
11
Let j(b) be the third derivative of b**6/120 - b**5/30 - b**4/12 + 2*b**3/3 + 3*b**2. What is the remainder when 12 is divided by j(3)?
5
Suppose 6*g + 0*g = 300. Suppose 4*s - 34 = 34. What is the remainder when g is divided by s?
16
Let q(b) = -b**2 - 2*b + 28. What is the remainder when 79 is divided by q(0)?
23
Suppose 4*p = -0*p + 52. Calculate the remainder when 22 is divided by p.
9
Suppose -2 = -2*l, l + 1 - 7 = 5*k. Let p(w) = 4*w**2 - 2*w - 1. Let q be p(k). Suppose -q*t + 24 = -91. What is the remainder when t is divided by 12?
11
Suppose 3*d - 114 = -3*v, -2*d - 78 = -2*v - 3*d. Suppose 2*r - v = 4*k - 12, -4*r = -4*k - 44. What is the remainder when 23 is divided by r?
7
Let o(v) be the second derivative of -v**5/20 - 2*v**4/3 + 4*v**3/3 + v**2 - 2*v. Calculate the remainder when 32 is divided by o(-9).
10
Suppose 0 = -t - 3*t - 28. Let n(v) = -v**2 - 6*v + 10. Let j be n(t). Suppose -s + 28 = j*s. What is the remainder when 26 is divided by s?
5
Let f(g) be the first derivative of g**4/4 + 3*g**3 + 3*g**2/2 - 8*g + 3. Calculate the remainder when f(-8) is divided by 17.
15
Suppose 0 = -4*o - o + 235. Calculate the remainder when o is divided by 10.
7
Let s be 10/(-15)*9*1. Let d = s - -30. What is the remainder when 45 is divided by d?
21
Suppose 40 = 4*w + 16. Calculate the remainder when w is divided by 2.
0
Let g be 53*1/(2/2). Suppose 5*x + 18 = i, x = -4*i + g - 2. Calculate the remainder when (-224)/(-6) - 2/6 is divided by i.
11
Let y(h) = h**3 - 17*h**2 + h - 7. Calculate the remainder when 18 is divided by y(17).
8
Let u be (-1)/1*(-3 + 2). Let n = 10 - u. Let i(f) = 6*f**2 + 1. Calculate the remainder when i(-2) is divided by n.
7
Suppose -5*r = -41 - 54. Suppose -40*h + 33 = -37*h. Calculate the remainder when r is divided by h.
8
Suppose -3*j + 287 = v, 2*j + v + 0*v = 191. Suppose -j = 2*h - 6*h. Calculate the remainder when h is divided by 13.
11
Calculate the remainder when 9/(-2)*(-528)/36 is divided by 23.
20
What is the remainder when 26 is divided by 13 + (32/2)/(-4)?
8
Suppose -5 - 30 = -5*g. Let w(p) = 5*p**3 - 4*p**3 + 4*p + 0*p + g*p**2. Calculate the remainder when 23 is divided by w(-6).
11
Let g = -43 + 27. Let p = g - -9. Let a = p + 12. Calculate the remainder when 9 is divided by a.
4
Suppose -108 = -7*c + 4. Calculate the remainder when c is divided by 3.
1
Suppose 3*y - 58 = -y + r, 5*y - 5*r - 65 = 0. Suppose b + 26 = 3*h, 7*h - 2*h - 2*b = 43. What is the remainder when y is divided by h?
6
Let c(b) = 6*b - 7. Let g(d) = -d**3 - 5*d**2 + 3. Let t be g(-5). Let u = 16 + -10. Calculate the remainder when c(t) is divided by u.
5
What is the remainder when 31 is divided by 3*8/(-6) - -3*4?
7
Suppose -o = 3 - 8. Suppose -c - 4*c = -o*f - 65, f - 23 = -3*c. Calculate the remainder when c is divided by 2.
1
Let w = 6 + -2. Suppose w*t - 84 - 40 = 0. Calculate the remainder when t is divided by 16.
15
Let x = -29 + 40. What is the remainder when 32 is divided by x?
10
Let i(j) = -21*j - 1. Calculate the remainder when i(-4) is divided by 14.
13
Let u = -8 + 15. Calculate the remainder when 13 is divided by u.
6
Let f be 42/9 + (-4)/6. What is the remainder when (-273)/(-6) - (-2)/f is divided by 16?
14
Let f(i) = -3*i + 4. Let z be f(6). Let b = 63 - z. Suppose -2*g + 3*j = 7*j - 62, 2*j = -3*g + b. What is the remainder when g is divided by 8?
7
Suppose 0 = 3*l + w - 20, -5*w - 2 + 4 = l. Let h = 24 + -15. Suppose -3*y = 2*t - 3, -y = y + 5*t + h. Calculate the remainder when l is divided by y.
1
Suppose -2*h = 3*z - 299 + 66, -2*h + 245 = -z. What is the remainder when h is divided by 42?
37
Suppose 11 = -5*o + 36. Suppose -3*t - 5 + 175 = o*q, -t - 26 = -q. Calculate the remainder when q is divided by 11.
9
Let c(d) = -d**2 + 8*d + 3. Let n be c(8). Suppose -n*y + 3*v = -45, 22 = 3*y + 3*v - 29. What is the remainder when 62 is divided by y?
14
Suppose 40 = 4*g - 5*y, 7*g - 4*g = -4*y + 61. Let j(i) = 677*i**3 + i**2 + i - 1. Let a be j(1)